= -d**2 + 37*d + 2966. Give m(-39).
2
Let v(g) = 20*g - 6. Determine v(2).
34
Let g(w) = -w**3 - 6*w**2 - 12*w - 21. Give g(-3).
-12
Let t(u) = -u**3 - u**2 - 331*u - 666. Calculate t(-2).
0
Let u(f) = 98*f + 3104. Give u(-32).
-32
Let m(h) = 6*h + 38. Calculate m(-8).
-10
Let i(r) = 112*r - 2202. Give i(19).
-74
Let w(a) = a**2 + a - 88. What is w(-9)?
-16
Let v(o) = -175*o - 492. Calculate v(-3).
33
Let a(o) = o**3 + 34*o**2 + 122*o + 53. Calculate a(-30).
-7
Let c(g) = -g**2 + 6460*g - 96670. Give c(15).
5
Let j(c) = 44*c - 1327. Determine j(30).
-7
Let r(m) = -55*m - 3560. Give r(-65).
15
Let g(s) = s**3 - 15*s**2 + 5*s + 24. What is g(13)?
-249
Let v(c) = -c**3 + 18*c**2 - 13*c - 44. Give v(17).
24
Let g(h) = -h**3 + 6*h**2 + 22*h - 114. Calculate g(7).
-9
Let u(f) = -f**3 - 12*f**2 - 34*f - 397. Calculate u(-12).
11
Let l(c) = -120*c + 2040. Give l(17).
0
Let a(l) = -186*l**2 - 934*l - 3. Determine a(-5).
17
Let h(k) = -5*k**2 + 34*k + 18. What is h(11)?
-213
Let q(l) = -l**3 + 26*l**2 - 49*l + 141. Give q(24).
117
Let d(p) = 9*p**2 + 116*p + 100. Determine d(-12).
4
Let h(g) = 6*g + 54. Determine h(-4).
30
Let t(k) = 9*k**2 - 43*k + 86. Give t(7).
226
Let q(m) = -8*m**2 - 177*m + 12. Determine q(-22).
34
Let x(p) = p**2 - 767*p + 8285. Give x(11).
-31
Let z(n) = 76*n - 224. Determine z(4).
80
Let j(f) = -f**3 + f**2 + f - 6. Determine j(0).
-6
Let k(g) = -6*g**2 - 325*g - 3897. Give k(-18).
9
Let g(y) = 11*y**2 - 120*y + 358. Calculate g(6).
34
Let y(o) = -o**2 + 106*o + 1748. Calculate y(-15).
-67
Let g(t) = 2*t**2 + 10*t + 29. Calculate g(-4).
21
Let j(l) = -51*l + 157. Calculate j(3).
4
Let g(t) = -t**3 - 5*t**2 + 31*t + 22. What is g(4)?
2
Let a(d) = d**3 + 71*d**2 - 999*d - 257. Calculate a(-83).
-8
Let k(a) = -94*a**2 + 46*a - 127. Determine k(3).
-835
Let a(t) = t**2 - 95*t - 45. Calculate a(93).
-231
Let t(v) = 48*v**2 + 2256*v + 10. What is t(-47)?
10
Let n(l) = 6*l**3 - 4*l**2 - 2*l + 4. Determine n(-3).
-188
Let g(l) = l**3 + 21*l**2 - 716*l + 246. Determine g(18).
-6
Let s(j) = -6*j**3 + 231*j**2 - 108*j - 113. Determine s(38).
115
Let d(g) = 114*g - 553. What is d(6)?
131
Let d(m) = 3*m**2 - 11*m - 45. Calculate d(-4).
47
Let u(k) = k**3 + 13*k**2 + 37*k - 5. What is u(-6)?
25
Let z(i) = 2*i**3 - 86*i**2 + 342*i - 1124. Give z(39).
46
Let x(r) = -14734*r + 58934. Determine x(4).
-2
Let s(j) = -334*j - 6016. Calculate s(-18).
-4
Let d(r) = -13*r**2 + 398*r + 113. Give d(31).
-42
Let l(w) = -1375*w + 31593. What is l(23)?
-32
Let l(g) = -g**2 + g + 7. Give l(9).
-65
Let i(s) = -6*s + 90. Determine i(9).
36
Let a(h) = 15*h**3 - h**2 + 131*h + 132. What is a(-1)?
-15
Let i(g) = -6*g**2 + 36*g + 49. Give i(8).
-47
Let l(f) = 216*f + 27282. Calculate l(-126).
66
Let l(p) = 42*p + 2089. Determine l(-66).
-683
Let z(w) = -104*w + 658. Determine z(6).
34
Let g(c) = -4*c - 59. Calculate g(-7).
-31
Let k(l) = -4446*l - 80008. What is k(-18)?
20
Let k(f) = f**3 + 26*f**2 + 166*f - 14. Determine k(-13).
25
Let t(j) = -j**3 - 21*j**2 - 181*j - 572. Calculate t(-7).
9
Let q(m) = m**2 - 46*m + 33. Calculate q(45).
-12
Let f(a) = 3*a**3 - 52*a**2 + 15*a + 21. Calculate f(17).
-13
Let w(q) = -2*q**3 + 50*q**2 + 233*q - 18. Calculate w(29).
11
Let a(p) = -8*p - 16. Calculate a(3).
-40
Let s(c) = 99*c + 3982. Determine s(-40).
22
Let l(b) = 1575*b - 40943. What is l(26)?
7
Let j(l) = l**2 - 1860*l - 28118. Determine j(-15).
7
Let o(c) = c**3 + 9*c**2 + 59*c + 723. What is o(-10)?
33
Let l(y) = -20*y - 173. What is l(9)?
-353
Let d(n) = n**2 + 4*n - 20. Give d(-12).
76
Let n(u) = -24*u + 7. What is n(2)?
-41
Let k(f) = -f**2 - 8*f + 13. What is k(-15)?
-92
Let v(l) = -2154*l + 40920. Give v(19).
-6
Let j(a) = -a**3 + 17*a**2 + 34*a - 126. Calculate j(19).
-202
Let o(b) = b**2 - 82*b + 1507. What is o(54)?
-5
Let n(o) = -o**3 - 10*o**2 - 5*o. What is n(-10)?
50
Let a(j) = 110*j - 6695. Determine a(61).
15
Let z(s) = 23*s - 1. Give z(2).
45
Let p(r) = -2*r**2 + 35*r + 25. Give p(18).
7
Let z(u) = -3322*u - 9968. What is z(-3)?
-2
Let v(g) = 2*g - 19. Calculate v(-27).
-73
Let w(b) = b**2 - 81*b + 1352. Calculate w(22).
54
Let n(s) = 7*s**2 - 2*s - 1. What is n(6)?
239
Let t(p) = 3*p + 88. Determine t(7).
109
Let c(z) = -4*z**2 + 15*z - 9. Give c(0).
-9
Let x(r) = -r**2 + 27*r - 181. Give x(19).
-29
Let r(a) = -94*a + 988. Determine r(11).
-46
Let z(o) = 3*o - 97. What is z(-21)?
-160
Let p(d) = -2*d**2 - 384*d + 6660. Determine p(16).
4
Let r(d) = 5787*d - 40493. Determine r(7).
16
Let w(j) = -8*j**2 - 131*j - 160. What is w(-15)?
5
Let l(v) = 242*v - 892. Give l(4).
76
Let g(z) = -z**3 - 3*z**2 - 32*z - 279. Determine g(-7).
141
Let o(d) = 14*d + 141. Calculate o(-25).
-209
Let r(h) = -h**3 - 57*h**2 + 104*h + 2604. Determine r(-58).
-64
Let x(u) = 135*u - 4327. Determine x(32).
-7
Let s(q) = -6*q**2 + 510*q - 84. Calculate s(85).
-84
Let j(u) = 2*u**2 - 1776*u + 12349. Determine j(7).
15
Let y(b) = 218*b - 65620. Calculate y(301).
-2
Let o(i) = -833*i + 15814. Give o(19).
-13
Let n(r) = 319*r + 26. What is n(2)?
664
Let i(l) = -l**2 + 184*l - 1569. Determine i(9).
6
Let d(x) = -3*x**2 - 79*x + 46. Give d(-27).
-8
Let u(d) = -54*d + 594. Give u(10).
54
Let s(t) = t**3 - 24*t**2 - 478*t - 77. What is s(37)?
34
Let m(j) = 26*j**2 + 2672*j - 631. What is m(-103)?
-13
Let i(c) = c**3 + 61*c**2 + 58*c - 115. Give i(-60).
5
Let n(g) = -9*g**3 + 180*g**2 + 109*g - 2195. Determine n(20).
-15
Let m(i) = 284*i + 5484. Determine m(-21).
-480
Let m(o) = -o**3 + 77*o**2 - 545*o - 61. Give m(8).
-5
Let d(o) = -o**3 + 14*o**2 - 6*o - 132. Calculate d(4).
4
Let x(l) = 4*l**2 + 125*l - 58. Calculate x(-31).
-89
Let z(t) = 7*t**3 - 2*t**2 + 115*t + 118. Determine z(-1).
-6
Let m(l) = 18*l + 450. What is m(-27)?
-36
Let h(t) = -23*t**2 - 1589*t - 154. Calculate h(-69).
-16
Let a(h) = 2*h**3 + 13*h**2 + 78*h + 461. Give a(-6).
29
Let o(q) = -q**2 - 84*q - 1036. What is o(-69)?
-1
Let n(g) = g**3 + 11*g**2 - 48*g + 1. What is n(-14)?
85
Let u(w) = -w**3 + 4*w**2 + 85*w - 247. Give u(3).
17
Let v(o) = 4*o + 18. Give v(-1).
14
Let d(f) = -6*f**3 - 2*f**2 + f + 2. Give d(-1).
5
Let q(w) = 7*w**3 - 9*w**2 + 20*w + 16. What is q(4)?
400
Let r(d) = -6*d**3 - 4*d**2 - d + 2. Give r(-1).
5
Let m(h) = -5*h + 95. Calculate m(-15).
170
Let c(w) = -20*w**2 + 359*w - 599. Determine c(16).
25
Let t(x) = -x**2 - 5*x + 241. What is t(0)?
241
Let y(f) = -f**3 + 112*f**2 + 108*f + 581. Give y(113).
16
Let s(a) = -a**3 + 68*a**2 + 53*a + 1118. Determine s(69).
14
Let h(k) = -k**3 - 34*k**2 - 42*k - 323. Calculate h(-33).
-26
Let c(y) = -y**2 + 126*y + 809. Determine c(-6).
17
Let q(w) = -36*w - 80. What is q(-6)?
136
Let m(f) = 701*f + 4220. Give m(-6).
14
Let a(o) = o**2 + 33*o + 22. Give a(-27).
-140
Let u(b) = 5087*b + 10164. Determine u(-2).
-10
Let d(w) = -29*w - 223. Give d(7).
-426
Let d(n) = n**2 - 2152*n + 23555. Calculate d(11).
4
Let x(s) = -s**3 + 12*s**2 - 24*s - 5. Determine x(6).
67
Let a(c) = -6694*c + 40161. Determine a(6).
-3
Let a(f) = f**3 - 52*f**2 + 62*f - 457. Determine a(51).
104
Let r(s) = -s**3 - 3*s**2 + 8*s - 7. Give r(-7).
133
Let k(w) = 4*w**2 - 96*w + 414. Give k(16).
-98
Let o(k) = 104*k + 411. What is o(-4)?
-5
Let u(j) = 7565*j - 45422. Determine u(6).
-32
Let j(b) = b**3 - 18*b**2 + 422*b - 8374. Determine j(19).
5
Let g(f) = 417*f - 2063. What is g(5)?
22
Let t(s) = 1261*s + 17698. Determine t(-14).
44
Let n(f) = -307*f - 1911. What is n(-6)?
-69
Let x(y) = -38771*y + 232619. Give x(6).
-7
Let v(d) = -1145*d + 9120. Calculate v(8).
-40
Let a(t) = -26*t**2 + 148*t + 148. Give a(-1).
-26
Let j(p) = -2*p**3 + 8*p**2 - 18*p + 7. What is j(4)?
-65
Let k(g) = -2*g**2 + 9*g + 69. Give k(10).
-41
Let b(d) = 4*d**2 + 73*d - 9. What is b(-5)?
-274
Let d(w) = 1079*w - 6413. What is d(6)?
61
Let i(v) = 316*v - 635. What is i(2)?
-3
Let p(t) = -7*t + 211. Give p(33).
-20
Let n(w) = w**3 + w**2 - 69*w + 19. What is n(-9)?
-8
Let i(v) = -34*v + 1299. Give i(36).
75
Let h(n) = -n**3 - 50*n**2 - 99*n - 225. Calculate h(-48).
-81
Let o(p) = p**3 + 56*p**2 - 304*p + 82. Calculate o(-61).
21
Let d(t) = -402*t + 8037. What is d(20)?
-3
Let k(q) = -5*q**2 + 9*q - 18. What is k(5)?
-98
Let p(l) = 622*l + 58490. Calculate p(-94).
22
Let w(q) = 3*q**3 - 13*q**2 + 8*q +